-33 - -33)
-29
What is 415 + -397 + (0 - -2 - 3 - 5)?
12
Calculate -5 + 5 + 6 - 5 - 7.
-6
Evaluate (11 - 27) + 1 + (-1 - 0).
-16
Calculate -2 - (-1 - 3) - (67 + -71).
6
Evaluate (7 + -11 - -23) + -12.
7
What is the value of 73 + (81 - 37 - 82)?
35
Evaluate -6 + (39 - 20) + -14.
-1
What is the value of 36 + -25 + 30 - 12?
29
-5 + -1 + 3 - ((-14 - -1) + 15)
-5
Evaluate -12 + 25 + 0 + -8.
5
(2 - 6) + -5 - (-4 - (15 - -4))
14
What is the value of -27 + -2 - (-57 - -39)?
-11
What is the value of 11 + (4 - (13 + -3))?
5
Evaluate -3 + (-1 - (12 + -17)) + -1 + 1.
1
Calculate 87 + -121 - (-44 + 13).
-3
Evaluate -6 + (1 - 7 - (12 + 8 - 14)).
-18
What is the value of -12 - 4 - (3 - 3)?
-16
What is the value of -6 - (1 + 0 - 0) - (-1314 + 1327)?
-20
What is 0 + (9 - 3 - (21 - 20))?
5
Evaluate 15 - (-8 + 8) - (10 - 4).
9
What is -51 - -44 - (29 + -26 + (18 - -1))?
-29
What is the value of -16 + (-4 + 1 - -19) + 20 + -26?
-6
Calculate 12 - ((-6 - -25) + (12 - 26)).
7
Calculate 9 + -25 + (-22 - -13).
-25
What is -15 + 24 - ((-8 - -3) + -1 - -14)?
1
Evaluate (1 - (-1 - 2)) + -9 + -3.
-8
Evaluate 2 + (8 - 9) + -3 - -5 - 22.
-19
Evaluate (-36 - (5 - 4)) + -17 + 22 - -8.
-24
What is -57 + 0 + -1 + 34?
-24
Calculate (-11 - -7) + 7 + 0 + -1 + 12.
14
Calculate 21 + -9 + 8 + -30.
-10
What is the value of -6 + -15 + 10 - -14 - 10?
-7
11 + (13 - 14 - (1 - -4)) + 3
8
What is (5 - (9 + -29)) + (-13 - -4) + -7?
9
What is 385 - 414 - (-20 + 0)?
-9
Calculate -18 + 5 + (11 - 6) + -4 - -2.
-10
Evaluate -17 + (54 - 26) + 13.
24
Calculate -4 - (-4 + (-54 - -60) + (1 - 0)).
-7
Calculate -16 + -4 + -5 + 13.
-12
What is 12 + 6 + -4 + (16 - 5)?
25
Evaluate -8 + (-9 - 5 - -6) + 6 + -4.
-14
Calculate -20 + 31 + -35 + 31.
7
Calculate (2 - (4 + -18)) + -6 + 0.
10
37 - ((-4 - (3 + -17)) + -5)
32
What is the value of -49 - -42 - (19 + -7)?
-19
Evaluate 0 + -19 + 3 - -1.
-15
What is the value of 0 + -3 + (-86 - -78) + (11 - 0)?
0
What is -17 + (0 + -10 - 0 - (-673 - -668))?
-22
-389 + 377 + (31 - (2 + 0)) + 9
26
Calculate 8 + -12 + -15 + 25 + (1 - -8).
15
Evaluate -4 - (-28 - (4 - 8)) - (52 - 48).
16
-46 + (-24 - -35 - -14)
-21
What is 0 + (28 - 5 - (10 + -18))?
31
What is (-3 - (3 + -3)) + -11 + 6?
-8
What is (21 - 34 - -22) + 1 + 8?
18
Evaluate -5 + -4 + (-1 - -4) - (14 - 21).
1
What is -149 + 70 + 75 + -1 + 20?
15
-18 - (-4 + 13 + -16)
-11
What is the value of (16 - 9) + -15 - ((-1 - 0) + -22)?
15
What is the value of (1 - (-7 + (10 - 4)) - -3) + -1?
4
What is the value of -1 - 0 - (9 + (-11 - -5))?
-4
0 - ((-5 - -13) + -1) - -1
-6
(-22 - 1) + (493 - 482)
-12
Calculate (-5 + 19 - 19) + (-5 - 5).
-15
What is the value of 5 - (2 + 9 + -18 + 10 + -11)?
13
What is the value of 4 + (-17 - -3) - (0 + -11)?
1
Calculate -4 + 0 + -8 + 13 - 5.
-4
Evaluate -17 - ((8 - 2 - 6) + (-8 - -2)).
-11
1 - (0 + 1 + (51 - 65))
14
-47 + 22 + (8 + -5 - 11)
-33
Calculate 7 - (-19 - (-35 + 20)).
11
Evaluate (10 - (2 + -10 + 9)) + -3.
6
Evaluate -18 + 13 + -12 + 13.
-4
What is 25 - 2 - (63 - 13 - 54)?
27
Evaluate 6 - ((-2 - -6) + -7).
9
What is the value of 7 + (3 - -7) + -8 - -1 - 26?
-16
Calculate -6 - (5 - 2 - 9).
0
What is the value of (22 + -27 - -13) + (0 + -2 - -2)?
8
(6 - 2) + (-61 - -53)
-4
Calculate 15 - (22 + 5 + -15 - 16).
19
Evaluate (-3 - (4 + -7 + -6)) + -13 + 11.
4
Evaluate (-3 - (7 + -3 + -4)) + -1.
-4
What is -5 - (-2 + 3) - ((-1 - 27) + 0)?
22
23 + -7 + -3 + -8
5
Calculate -19 - (8 - 21 - (0 + -3)).
-9
Evaluate -3 - (2 + 15) - -4 - (2 + -3).
-15
What is the value of -6 + (7 - (-21 - -13))?
9
Calculate 30 + -36 + -7 + -11.
-24
-6 + (-10 - (-6 - 16))
6
Evaluate -3 - -31 - (-138 + 163).
3
Calculate (320 - 333) + -1 + 11.
-3
Calculate (-13 - (-26 + 8 - -9)) + -1.
-5
43 - 15 - -5 - (5 - -4)
24
What is (197 - 162) + 2 + -17?
20
What is the value of 8 + -5 - (-9 - (8 - 24))?
-4
Calculate 1 - ((2 - (-11 - -9)) + -4).
1
What is (0 - -7) + (9 - 2) + (37 - 43)?
8
What is the value of 20 + -14 + 13 + -12 + 15?
22
Calculate (-1 - -25) + (0 - -4 - (-111 + 114)).
25
What is the value of 25 + (-73 + 15 - -15)?
-18
What is -16 - (-15 + -1) - (1 - 2)?
1
What is the value of (-8 - -5) + 3 - -4?
4
Calculate -438 + 468 - (15 - (-3 - 1)).
11
Calculate -17 - -23 - -12 - 15.
3
Calculate -2 + 5 + -3 + 3 + (-247 - -248).
4
What is (-1 - 1) + -7 + 0?
-9
What is -6 + -15 - -25 - -5?
9
Calculate -8 - (-18 + 4 + (-5 - 2) + 3).
10
What is the value of (-1 - 13) + 234 + -232?
-12
What is the value of 4 - ((6 - -8) + -13)?
3
Evaluate (25 - (4 - -6)) + -17.
-2
-7 + 10 - (-33 + 8) - (3 - 3)
28
Evaluate -35 + 49 + -16 + 30.
28
Evaluate (16 - (13 - 4)) + 17 + -1.
23
What is the value of -2 - (42 - 22 - 11)?
-11
Calculate 8 + (7 - 19) + 9.
5
Calculate 17 + -42 - -44 - 33.
-14
What is (1 - -2) + (-18 - (-51 - -47))?
-11
Calculate (17 - (-8 + 20)) + -19.
-14
Evaluate (-2 - -4 - 4) + -1 - -5 - 8.
-6
0 - (-3 + 6 + -12) - 13
-4
What is -7 + 20 + (-1 - 8)?
4
Calculate 26 - (-15 + 28) - (-1 + 1).
13
1 + (-1 - (-7 - (2 - (-2 + 6))))
5
What is -9 + -22 - (3 - (1 + -3 - -5))?
-31
Calculate -20 - (31 + (19 - 40)).
-30
What is the value of (-1 + 1 - -3) + (3 - 2)?
4
(-274 - -242) + (18 - -1)
-13
What is the value of -17 + 6 + -1 + 4 + -3 + 6?
-5
(-5 - (1 + 1) - 0) + (22 - 6)
9
-19 - (-22 + (5 - 8))
6
What is the value of (8 - -21) + -32 - (2 + -3 + 11)?
-13
What is the value of (-4 - ((1 - -2) + -4)) + (-5 - -1)?
-7
Calculate (-14 - -1) + (1 - -3) + (-1 - -1).
-9
What is the value of -13 + -3 + 11 + (27 - -6)?
28
Calculate -1 + (7 + -8 - 10 - -5).
-7
Evaluate 5 + 2 - (11 - (6 + 8)).
10
Calculate 1 - (10 + ((-2 - 0) + -10 - 0)).
3
Calculate -17 + (22 - (-34 + 48)).
-9
What is -11 - (-115 + 112 - (0 + -1 + -3))?
-12
What is -11 + 10 + -3 - (0 - -2)?
-6
What is 19 + (5 - ((17 - 10) + -20))?
37
Evaluate -51 + 23 + 25 + (6 - 21).
-18
Calculate (-12 + -1 + 0 - -3) + -27.
-37
What is the value of -8 - -1 - (-21 + 10 + 11)?
-7
What is (-5 - (-5 + (5 - 0))) + 14?
9
-4 - (-7 + 11 + 9) - -7
-10
Calculate 34 - (-47 + 67) - 22.
-8
What is 8 - ((-45 + 14 - -29) + (-6 - 0))?
16
Evaluate -7 + (-7 - -10 - -8) + 9 + 0.
13
What is the value of (12 + -22 - 6) + (5 - (5 + 1))?
-17
What is 127 + -117 + 1 + 10?
21
9 + (12 - -8 - 17)
12
What is (22 - (8 + 11)) + -1 + (-3 - -5)?
4
What is the value of (-4 - -8 - 10) + (12 - 1)?
5
What is the value of (1 - 1) + -8 + (-1 - -9)?
0
Calculate 1 - (-18 + 12) - 15 - -1.
-7
Calculate -10 - -7 - (11 - 0) - (-6 + 0).
-8
Evaluate 2 + -2 - (-10 + 8 + -14 + 7).
9
What is the value of 13 + (-8 - (-4 + -7))?
16
What is 118 + -100 + (-22 - 0)?
-4
0 + 0 - (213 + -219)
6
What is the value of -16 - ((0 - 8) + 2 + (-2 - -5))?
-13
What is -2 + 4 + (11 + 33 - 50)?
-4
What is the value of -9 + 3 + 8 + -7 + (7 - 2)?
0
What is (15 - 44) + (18 - 4)?
-15
What is the value of (-7 - (-8 - (-14 + (3 - -4)))) + 10?
4
Calculate -1 + (1 - -2) + 6 + 3 + -7.
4
185 + -165 - (-5 - -2)
23
What is -6 + (-5 + -1 - (21 + (-12 - -3)))?
-24
Calculate (0 - 0) + (157 + -155 - (3 + 3)).
-4
What is (23 - 3) + (-38 - -22)?
4
What is the value of 7 + -17 + -1 + -3 + 0?
-14
Evaluate -1 + (-6 + -1 - -2) + 13.
7
Calculate (2 + 0 - (2 - 6)) + -48 + 47.
5
What is the value of 11 + -13 - -8 - -4?
10
Evaluate 1 - (6 + -5 + (4 + -5 - -1)).
0
Evaluate 1 - 2 - ((-10 - 2) + 3).
8
4 + -8 + -16 + 14 - -20
14
(-2 + 4 - 4 - -6) + -9 + 0
-5
Calculate -15 - (-6 + -11) - (-18 - (-1 - -2)).
21
-3 + 30 + (2 - 10 - (24 - 28))
23
(3 - -11) + (-9 + 2 - 0)
7
0 + 12 + -14 + 2
0
Evaluate (2 + -5 - (10 + (-9 - 11))) + -2.
5
Evaluate -4 - 0 - (18 + -19) - 4.
-7
Evaluate -10 - -1 - 15 - (-6 - 0 - -3).
-21
What is the value of -1 - -12 - 1 - (-32 + (-24 - -52))?
14
What is the value of 2 + -9 + 4 - (4 + (-1 - -16))?
-22
13 + -13 + 2 - (3 + 3)
-4
-12 + -10 + 42 + -39
-19
What is -2 + (4 - 1) + (22 - 9) + -18?
-4
What is the value of -11 - (-1 - (-6 + 9) - -9)?
-16
What is the value of 5 - (-8 + 7) - (-3 + -1 - -41)?
-31
Evaluate -7 + (-35 - -17) + 24.
-1
4 - ((-16 - -16) + -5 + -5 + 3)
11
Evaluate 6 - 4 - 38 - (94 - 109).
-21
What is the value of (-918 - -904) + (13 - 1)?
-2
Evaluate 6 - 1 - (-4 + (28 + -4 - 10)).
-5
What is the value of -1 + (0 - -11) - (10 + 15)?
-15
What is 13 + (23 - 15) + -2 + 2 + -9?
12
3 + -3 + -13 + (2 + -13 - -4)
-20
Evaluate -7 - (11 + -5 + -11 + 5).
-7
-10 + 8 +